pose l - 10 = k. What is the units digit of l?
7
Suppose 5*i + w - 30 = 0, 2*i + 5*w = w + 12. Let m = i - 2. What is the tens digit of (-3 + 10/m)*-40?
2
Let p(y) = y**3 + 16*y**2 - 36*y + 12. What is the units digit of p(-18)?
2
What is the hundreds digit of (-448)/(-128)*(1 - 325/(-7))?
1
Suppose -3*y + 15 = -0. Suppose -y*s + 0*s = -240. What is the units digit of (s/28)/(2/35)?
0
Let l(i) = 0*i**2 - 1 + i**2 + 5*i**3 + 0*i**2. Let a be l(-1). Let f = 28 + a. What is the tens digit of f?
2
Let j be ((-204)/7)/((-44)/(-14) - 3). Let i = j - -292. What is the units digit of i?
8
Suppose -45*w + 1236 = -33*w. What is the tens digit of w?
0
Suppose 4*w - 3*m = 30, -4*m + 6 = 2*w - m. Suppose -w*n + 153 = 39. What is the units digit of n?
9
Let p(j) = -27*j + 105. What is the hundreds digit of p(-20)?
6
Suppose -4*s + 0*s + 90 = 2*r, 5*s - 10 = 0. Let m = 99 - r. Suppose 3*w = w + m. What is the units digit of w?
9
Let g = 19 - 9. Suppose 5*b = 3*b + g. Suppose -2*x + 32 = -3*y - y, 2*x - 33 = b*y. What is the tens digit of x?
1
Let u = 64 - 53. Let w(v) = 15*v + 14. What is the hundreds digit of w(u)?
1
Let f = -6 + 11. Suppose f*x + 2*a - 677 = -0*x, -x + 4*a = -131. Suppose z + x = 4*z. What is the tens digit of z?
4
Let r(u) = -2*u. Let v be r(1). Let m(h) = 21*h**2 - 4*h - 5. What is the units digit of m(v)?
7
Suppose -6 + 24 = 3*w - 3*c, -5*w = c - 6. Suppose 0 = 4*x - 4*z - 204, -w*z - 210 = -4*x - z. Let d = x - 31. What is the units digit of d?
2
Let f be (-42)/(-98) - 5342/(-14). Suppose -3*d + f = 91. What is the tens digit of d?
9
Let g(m) = -21*m**2 + m. Let w be g(-1). Let s = 39 + w. Suppose c = 0, -s = -4*p + 4*c + 23. What is the units digit of p?
0
Let l = -14 - -13. Let p = -23 - l. Let u = p - -34. What is the tens digit of u?
1
Let x(r) = r**3 + 9*r**2 + 5*r - 4. Suppose -3*m = -9*m - 42. Let w be x(m). Suppose -5*v + 244 = w. What is the units digit of v?
7
Let o be (0/(-1) + -6)/2. Let t be (0/(o - -7))/(-2). Suppose -3*u + 2*u + 6 = t. What is the units digit of u?
6
Let c(y) = 226*y**2 + 9*y + 12. What is the tens digit of c(4)?
6
Let b(d) = 346*d + 39. What is the thousands digit of b(3)?
1
Let i = 4330 - 129. What is the tens digit of i?
0
What is the thousands digit of -4 - 3/(-3) - 6153/(-3)?
2
Let f(v) = v**3 - 11*v**2 + 11*v. Let g(c) = -3*c**3 + 34*c**2 - 33*c + 1. Let n(j) = 7*f(j) + 2*g(j). What is the hundreds digit of n(9)?
1
Let o be 3 - 2 - (-283 - 4). Let x be 2/5 - o/45. What is the units digit of 6/(x*4/(-36))?
9
Let r(y) be the third derivative of y**5/20 + y**4/4 + 2*y**3 + 4*y**2. What is the units digit of r(-5)?
7
Suppose 5*w - 4308 = -2*f, 0 = -3*w + w - 4*f + 1736. What is the units digit of w?
0
Suppose -5*p + 4190 = 4*i + 1365, 2*p - 2 = 0. What is the hundreds digit of i?
7
Suppose -9*s + 10 = -8. Suppose 2*q - 53 - 235 = -s*f, f - 5*q - 174 = 0. What is the hundreds digit of f?
1
Suppose -5*y + 214 = 49. Let o = 36 - y. Suppose x - 53 = -o. What is the tens digit of x?
5
Suppose -4*s + 0*s = 0. Suppose 20 = n - 5*g, 4*n - 131 = -s*n + 3*g. What is the tens digit of n?
3
Let j(r) = -r**3 - 12*r**2 - 15*r - 6. Let x be j(-11). Suppose 34*g - x*g = -184. What is the tens digit of g?
4
Let q(i) = -3*i**3 - 3*i**2 - i + 1. Let v = -43 + 41. What is the tens digit of q(v)?
1
Let x(k) = 2*k**2 - 24*k - 207. What is the units digit of x(-28)?
3
Suppose 6*u = 3*g + 2*u - 11, -5 = -5*u. Let f = 7 + g. What is the tens digit of 801/f + (-27)/36?
6
Let q(f) = -13 + 19 + 3 + 27*f + f**2 - f. What is the units digit of q(-27)?
6
Let h = 123 + -1. Let a = h + -72. What is the units digit of a?
0
Let i be (-1*2/4)/(4/(-16)). Suppose -125 = -i*f - 3*k, -4*f = -2*k - 79 - 131. What is the units digit of f?
5
Let k = -12 + 66. Let p(x) = -8*x - 138. Let z be p(-18). Suppose -k = -z*s + 84. What is the units digit of s?
3
Suppose -1435 = -u + 4*o + 490, -u = -3*o - 1926. What is the hundreds digit of u?
9
Let w be (-1672)/(-32) + 2/(-8). Suppose -27 = 5*d - w. Suppose 0*v + 80 = d*v. What is the tens digit of v?
1
Let v be 3/6*(-48)/2. What is the tens digit of (-1 + -4)*(v + 2)?
5
Let v(w) = 14*w**2 + 2*w + 12. Let f be v(-5). Suppose -3*x + 534 = 3*r, -3*x - 4*r = -x - f. What is the hundreds digit of x?
1
Let o(d) = -2*d - 8. Let n be o(-7). Suppose 4 = z + n. What is the units digit of (-154)/(((-12)/z)/(-3))?
7
Let x = 347 - 173. What is the hundreds digit of x?
1
Let w be 2/4*12*207/(-18). Let a = -51 - w. What is the units digit of a?
8
Let k be 4/(-30) + 0 - 308/(-60). Let b = 12 - 8. Suppose -k*s - 22 = -2*o, -b*s = 4*o + s - 104. What is the tens digit of o?
2
Let h(j) = 4*j - 4. Let x be h(-5). Let m be (134/8)/((-3)/x). Suppose 0 = 5*p - m + 4. What is the tens digit of p?
2
What is the units digit of (-4)/(-32) + (-33358)/(-16)?
5
Let z(f) = 3*f + 2. Let b(q) = 7*q + 4. Let o(w) = -2*b(w) + 5*z(w). Suppose -2*n + 0 = 3*j - 7, 5*n - 5*j + 20 = 0. What is the units digit of o(n)?
1
Let s(z) = 3*z - 1. Let w be s(2). Suppose w*f = 5*b - 75, 4*b + 0*f + 4*f = 52. Let i = 7 + b. What is the tens digit of i?
2
Let g be 0 - 4 - (-14 + 8). Suppose -5*v - 3*m = -5, -m - 6 = -g*v + 7. Suppose -235 = -v*s + 1. What is the tens digit of s?
5
Suppose -2*u - u - 28 = 2*o, -5*o - 13 = -2*u. Let l = -3 - u. Suppose -g - l*g = -132. What is the units digit of g?
3
Suppose 4*t + 3*f - 222 = 0, t + 0*f + f = 56. Suppose -4*v + 429 = -5*n, -5*n - 57 - t = -v. What is the hundreds digit of v?
1
Let r = 1038 - 714. What is the hundreds digit of r?
3
Let c = 6 + -4. Suppose -c*p + 103 = -p - 3*j, 3*p - 2*j - 337 = 0. Suppose -p = 3*a - 8*a. What is the tens digit of a?
2
Let r(z) = z**2 - z - 9. Let b be r(4). Suppose -2*x + 3*n = -78 - 24, 5*n = -b*x + 153. Let q = -35 + x. What is the units digit of q?
6
Let i = 6 - 3. Let d(b) = 17*b**2 - b - 7. What is the hundreds digit of d(i)?
1
Suppose -3*u = i - u - 7, 5*u = 5. Suppose 4*r - 436 + 90 = -2*h, i*h - 5*r = 850. What is the tens digit of h?
7
Suppose 39*j + 0*j = 16380. What is the units digit of j?
0
Suppose -4*y + 747 = -3*u, -3*u = -2*y - 8*u + 367. Let w = 270 - y. Suppose -g - 3*g = -w. What is the tens digit of g?
2
Suppose -5*w = 5*b - 123 - 292, -4*b + 329 = 3*w. Let n = 140 - b. Suppose 0 = -5*i - 3*c + 65, 5*i + 3*c - n = c. What is the units digit of i?
0
Let i = -20 + 26. Suppose i*z - 58 = 32. Suppose 4*l - z = l. What is the units digit of l?
5
Suppose -11*r = 3253 - 14286. What is the thousands digit of r?
1
Let h = 712 - 455. What is the hundreds digit of h?
2
Let s = 315 + -339. Suppose 2*t + 100 = 6*t. Let n = s + t. What is the units digit of n?
1
Let z(r) = -r**3 + 32*r**2 + 56*r - 76. What is the thousands digit of z(32)?
1
Suppose -3*i - 4*i = -42. What is the tens digit of (-1)/(i/1788)*-1?
9
Suppose 1040 = 257*f - 255*f. What is the hundreds digit of f?
5
What is the tens digit of 7990/8 - 91/52?
9
What is the tens digit of (7294/8)/(79/316)?
4
Let k = 895 + -286. What is the tens digit of k?
0
Let z = -99 + 102. What is the units digit of (5 + 1)*-150*z/(-12)?
5
Suppose 1798 = 2*j - i, 2698 = 4*j + 5*i - 884. What is the units digit of j?
8
Let t(u) be the third derivative of -u**5/60 - u**4/12 + 233*u**3/6 + 3*u**2 - 2*u. What is the tens digit of t(0)?
3
Let i(v) = v**3 - 3*v**2 - 10*v + 5. Let c be (((-110)/(-8))/(-11))/((-1)/4). What is the units digit of i(c)?
5
Let x(v) = -v**3 - 2*v**2 - 2*v - 4. Let r be x(0). What is the units digit of -1 - 2*122/r?
0
Suppose -z + 3*y = 3 + 5, -y + 16 = 3*z. Suppose -5*d - z*i = -3*i - 230, -5*i = -5*d + 200. What is the units digit of d?
5
Let o = 7 - 17. Let h be (-3340)/(-100) + 4/o. Suppose -l + h = 6. What is the units digit of l?
7
Let r(t) = 5*t**2 - 2*t**3 + 2 - 1 + t**3 - 3*t. What is the units digit of r(4)?
5
Suppose -11*z = -14*z + 861. Suppose -2*o + z = 3*j - 4*j, -2*o = 3*j - 307. What is the hundreds digit of o?
1
Let p(t) = -t**3 + 4*t**2 + 6*t - 2. Suppose 0 = -h + 3*o + 8 + 6, 3*o = 3*h - 24. What is the units digit of p(h)?
3
Let k(x) = 139*x**2 + x - 1. What is the units digit of k(-2)?
3
What is the tens digit of 288 + (17 - 8/1)?
9
Suppose 2*s = -v - 29, v - 2*s - s = -39. Let i = -21 - v. What is the units digit of i?
2
Let p(f) = f**3 + f**2 + f + 4. Let y be p(-2). What 